{"id":50785,"date":"2025-03-19T09:49:19","date_gmt":"2025-03-19T08:49:19","guid":{"rendered":"https:\/\/fondazionefeltrinelli.it\/?post_type=pubblico&#038;p=50785"},"modified":"2025-03-19T09:49:19","modified_gmt":"2025-03-19T08:49:19","slug":"il-programma-per-unitalia-piu-giusta","status":"publish","type":"pubblico","link":"https:\/\/stage.fondazionefeltrinelli.it\/en\/pubblico\/il-programma-per-unitalia-piu-giusta\/","title":{"rendered":"Il programma per un\u2019Italia pi\u00f9 giusta"},"content":{"rendered":"","protected":false},"featured_media":46748,"menu_order":0,"template":"","format":"standard","categoria-pubblico":[962],"categoria-tema":[],"tag-pubblico":[879,881,882],"class_list":["post-50785","pubblico","type-pubblico","status-publish","format-standard","has-post-thumbnail","hentry","categoria-pubblico-pubblico-19","tag-pubblico-democrazia","tag-pubblico-diritti","tag-pubblico-disuguaglianze"],"acf":[],"yoast_head":"<!-- This site is optimized with the Yoast SEO plugin v25.8 - https:\/\/yoast.com\/wordpress\/plugins\/seo\/ -->\n<title>Il programma per un\u2019Italia pi\u00f9 giusta - Fondazione Giangiacomo Feltrinelli<\/title>\n<meta name=\"description\" content=\"Riforme fiscali, diritti del lavoro e sostenibilit\u00e0 ambientale: una nuova politica economica \u00e8 ci\u00f2 che serve per un Italia pi\u00f9 giusta.\" \/>\n<meta name=\"robots\" content=\"noindex, follow, max-snippet:-1, max-image-preview:large, max-video-preview:-1\" \/>\n<meta property=\"og:locale\" content=\"en_US\" \/>\n<meta property=\"og:type\" content=\"article\" \/>\n<meta property=\"og:title\" content=\"Il programma per un\u2019Italia pi\u00f9 giusta - Fondazione Giangiacomo Feltrinelli\" \/>\n<meta property=\"og:description\" content=\"Riforme fiscali, diritti del lavoro e sostenibilit\u00e0 ambientale: una nuova politica economica \u00e8 ci\u00f2 che serve per un Italia pi\u00f9 giusta.\" \/>\n<meta property=\"og:url\" content=\"https:\/\/stage.fondazionefeltrinelli.it\/pubblico\/il-programma-per-unitalia-piu-giusta\/\" \/>\n<meta property=\"og:site_name\" content=\"Fondazione Giangiacomo Feltrinelli\" \/>\n<meta property=\"article:publisher\" content=\"https:\/\/www.facebook.com\/FondazioneFeltrinelli\" \/>\n<meta property=\"og:image\" content=\"https:\/\/stage.fondazionefeltrinelli.it\/wp-content\/uploads\/2025\/02\/Progetto-senza-titolo-37-1024x256.jpg\" \/>\n<meta name=\"twitter:card\" content=\"summary_large_image\" \/>\n<meta name=\"twitter:image\" content=\"https:\/\/stage.fondazionefeltrinelli.it\/wp-content\/uploads\/2025\/02\/Progetto-senza-titolo-37.jpg\" \/>\n<meta name=\"twitter:site\" content=\"@FondFeltrinelli\" \/>\n<meta name=\"twitter:label1\" content=\"Est. reading time\" \/>\n\t<meta name=\"twitter:data1\" content=\"9 minutes\" \/>\n<script type=\"application\/ld+json\" class=\"yoast-schema-graph\">{\"@context\":\"https:\/\/schema.org\",\"@graph\":[{\"@type\":\"WebPage\",\"@id\":\"https:\/\/stage.fondazionefeltrinelli.it\/pubblico\/il-programma-per-unitalia-piu-giusta\/\",\"url\":\"https:\/\/stage.fondazionefeltrinelli.it\/pubblico\/il-programma-per-unitalia-piu-giusta\/\",\"name\":\"Il programma per un\u2019Italia pi\u00f9 giusta - Fondazione Giangiacomo Feltrinelli\",\"isPartOf\":{\"@id\":\"https:\/\/stage.fondazionefeltrinelli.it\/#website\"},\"primaryImageOfPage\":{\"@id\":\"https:\/\/stage.fondazionefeltrinelli.it\/pubblico\/il-programma-per-unitalia-piu-giusta\/#primaryimage\"},\"image\":{\"@id\":\"https:\/\/stage.fondazionefeltrinelli.it\/pubblico\/il-programma-per-unitalia-piu-giusta\/#primaryimage\"},\"thumbnailUrl\":\"https:\/\/stage.fondazionefeltrinelli.it\/wp-content\/uploads\/2025\/02\/Progetto-senza-titolo-37.jpg\",\"datePublished\":\"2025-03-19T08:49:19+00:00\",\"description\":\"Riforme fiscali, diritti del lavoro e sostenibilit\u00e0 ambientale: una nuova politica economica \u00e8 ci\u00f2 che serve per un Italia pi\u00f9 giusta.\",\"breadcrumb\":{\"@id\":\"https:\/\/stage.fondazionefeltrinelli.it\/pubblico\/il-programma-per-unitalia-piu-giusta\/#breadcrumb\"},\"inLanguage\":\"en-US\",\"potentialAction\":[{\"@type\":\"ReadAction\",\"target\":[\"https:\/\/stage.fondazionefeltrinelli.it\/pubblico\/il-programma-per-unitalia-piu-giusta\/\"]}]},{\"@type\":\"ImageObject\",\"inLanguage\":\"en-US\",\"@id\":\"https:\/\/stage.fondazionefeltrinelli.it\/pubblico\/il-programma-per-unitalia-piu-giusta\/#primaryimage\",\"url\":\"https:\/\/stage.fondazionefeltrinelli.it\/wp-content\/uploads\/2025\/02\/Progetto-senza-titolo-37.jpg\",\"contentUrl\":\"https:\/\/stage.fondazionefeltrinelli.it\/wp-content\/uploads\/2025\/02\/Progetto-senza-titolo-37.jpg\",\"width\":1800,\"height\":450,\"caption\":\"italia pi\u00f9 giusta\"},{\"@type\":\"BreadcrumbList\",\"@id\":\"https:\/\/stage.fondazionefeltrinelli.it\/pubblico\/il-programma-per-unitalia-piu-giusta\/#breadcrumb\",\"itemListElement\":[{\"@type\":\"ListItem\",\"position\":1,\"name\":\"Home\",\"item\":\"https:\/\/stage.fondazionefeltrinelli.it\/en\/\"},{\"@type\":\"ListItem\",\"position\":2,\"name\":\"Il programma per un\u2019Italia pi\u00f9 giusta\"}]},{\"@type\":\"WebSite\",\"@id\":\"https:\/\/stage.fondazionefeltrinelli.it\/#website\",\"url\":\"https:\/\/stage.fondazionefeltrinelli.it\/\",\"name\":\"Fondazione Giangiacomo Feltrinelli\",\"description\":\"\",\"publisher\":{\"@id\":\"https:\/\/stage.fondazionefeltrinelli.it\/#organization\"},\"potentialAction\":[{\"@type\":\"SearchAction\",\"target\":{\"@type\":\"EntryPoint\",\"urlTemplate\":\"https:\/\/stage.fondazionefeltrinelli.it\/?s={search_term_string}\"},\"query-input\":{\"@type\":\"PropertyValueSpecification\",\"valueRequired\":true,\"valueName\":\"search_term_string\"}}],\"inLanguage\":\"en-US\"},{\"@type\":\"Organization\",\"@id\":\"https:\/\/stage.fondazionefeltrinelli.it\/#organization\",\"name\":\"Fondazione Giangiacomo Feltrinelli\",\"url\":\"https:\/\/stage.fondazionefeltrinelli.it\/\",\"logo\":{\"@type\":\"ImageObject\",\"inLanguage\":\"en-US\",\"@id\":\"https:\/\/stage.fondazionefeltrinelli.it\/#\/schema\/logo\/image\/\",\"url\":\"https:\/\/stage.fondazionefeltrinelli.it\/wp-content\/uploads\/2023\/05\/Logo-Fondazione-Feltrinelli-2.jpg\",\"contentUrl\":\"https:\/\/stage.fondazionefeltrinelli.it\/wp-content\/uploads\/2023\/05\/Logo-Fondazione-Feltrinelli-2.jpg\",\"width\":632,\"height\":552,\"caption\":\"Fondazione Giangiacomo Feltrinelli\"},\"image\":{\"@id\":\"https:\/\/stage.fondazionefeltrinelli.it\/#\/schema\/logo\/image\/\"},\"sameAs\":[\"https:\/\/www.facebook.com\/FondazioneFeltrinelli\",\"https:\/\/x.com\/FondFeltrinelli\",\"https:\/\/www.youtube.com\/channel\/UCqUC9dAHm8G3edg2GPEoNow\",\"https:\/\/www.instagram.com\/fondazionefeltrinelli\/\",\"https:\/\/www.linkedin.com\/company-beta\/9183434\/?pathWildcard=9183434\"]}]}<\/script>\n<!-- \/ Yoast SEO plugin. -->","yoast_head_json":{"title":"Il programma per un\u2019Italia pi\u00f9 giusta - Fondazione Giangiacomo Feltrinelli","description":"Riforme fiscali, diritti del lavoro e sostenibilit\u00e0 ambientale: una nuova politica economica \u00e8 ci\u00f2 che serve per un Italia pi\u00f9 giusta.","robots":{"index":"noindex","follow":"follow","max-snippet":"max-snippet:-1","max-image-preview":"max-image-preview:large","max-video-preview":"max-video-preview:-1"},"og_locale":"en_US","og_type":"article","og_title":"Il programma per un\u2019Italia pi\u00f9 giusta - Fondazione Giangiacomo Feltrinelli","og_description":"Riforme fiscali, diritti del lavoro e sostenibilit\u00e0 ambientale: una nuova politica economica \u00e8 ci\u00f2 che serve per un Italia pi\u00f9 giusta.","og_url":"https:\/\/stage.fondazionefeltrinelli.it\/pubblico\/il-programma-per-unitalia-piu-giusta\/","og_site_name":"Fondazione Giangiacomo Feltrinelli","article_publisher":"https:\/\/www.facebook.com\/FondazioneFeltrinelli","og_image":[{"url":"https:\/\/stage.fondazionefeltrinelli.it\/wp-content\/uploads\/2025\/02\/Progetto-senza-titolo-37-1024x256.jpg","type":"","width":"","height":""}],"twitter_card":"summary_large_image","twitter_image":"https:\/\/stage.fondazionefeltrinelli.it\/wp-content\/uploads\/2025\/02\/Progetto-senza-titolo-37.jpg","twitter_site":"@FondFeltrinelli","twitter_misc":{"Est. reading time":"9 minutes"},"schema":{"@context":"https:\/\/schema.org","@graph":[{"@type":"WebPage","@id":"https:\/\/stage.fondazionefeltrinelli.it\/pubblico\/il-programma-per-unitalia-piu-giusta\/","url":"https:\/\/stage.fondazionefeltrinelli.it\/pubblico\/il-programma-per-unitalia-piu-giusta\/","name":"Il programma per un\u2019Italia pi\u00f9 giusta - Fondazione Giangiacomo Feltrinelli","isPartOf":{"@id":"https:\/\/stage.fondazionefeltrinelli.it\/#website"},"primaryImageOfPage":{"@id":"https:\/\/stage.fondazionefeltrinelli.it\/pubblico\/il-programma-per-unitalia-piu-giusta\/#primaryimage"},"image":{"@id":"https:\/\/stage.fondazionefeltrinelli.it\/pubblico\/il-programma-per-unitalia-piu-giusta\/#primaryimage"},"thumbnailUrl":"https:\/\/stage.fondazionefeltrinelli.it\/wp-content\/uploads\/2025\/02\/Progetto-senza-titolo-37.jpg","datePublished":"2025-03-19T08:49:19+00:00","description":"Riforme fiscali, diritti del lavoro e sostenibilit\u00e0 ambientale: una nuova politica economica \u00e8 ci\u00f2 che serve per un Italia pi\u00f9 giusta.","breadcrumb":{"@id":"https:\/\/stage.fondazionefeltrinelli.it\/pubblico\/il-programma-per-unitalia-piu-giusta\/#breadcrumb"},"inLanguage":"en-US","potentialAction":[{"@type":"ReadAction","target":["https:\/\/stage.fondazionefeltrinelli.it\/pubblico\/il-programma-per-unitalia-piu-giusta\/"]}]},{"@type":"ImageObject","inLanguage":"en-US","@id":"https:\/\/stage.fondazionefeltrinelli.it\/pubblico\/il-programma-per-unitalia-piu-giusta\/#primaryimage","url":"https:\/\/stage.fondazionefeltrinelli.it\/wp-content\/uploads\/2025\/02\/Progetto-senza-titolo-37.jpg","contentUrl":"https:\/\/stage.fondazionefeltrinelli.it\/wp-content\/uploads\/2025\/02\/Progetto-senza-titolo-37.jpg","width":1800,"height":450,"caption":"italia pi\u00f9 giusta"},{"@type":"BreadcrumbList","@id":"https:\/\/stage.fondazionefeltrinelli.it\/pubblico\/il-programma-per-unitalia-piu-giusta\/#breadcrumb","itemListElement":[{"@type":"ListItem","position":1,"name":"Home","item":"https:\/\/stage.fondazionefeltrinelli.it\/en\/"},{"@type":"ListItem","position":2,"name":"Il programma per un\u2019Italia pi\u00f9 giusta"}]},{"@type":"WebSite","@id":"https:\/\/stage.fondazionefeltrinelli.it\/#website","url":"https:\/\/stage.fondazionefeltrinelli.it\/","name":"Fondazione Giangiacomo Feltrinelli","description":"","publisher":{"@id":"https:\/\/stage.fondazionefeltrinelli.it\/#organization"},"potentialAction":[{"@type":"SearchAction","target":{"@type":"EntryPoint","urlTemplate":"https:\/\/stage.fondazionefeltrinelli.it\/?s={search_term_string}"},"query-input":{"@type":"PropertyValueSpecification","valueRequired":true,"valueName":"search_term_string"}}],"inLanguage":"en-US"},{"@type":"Organization","@id":"https:\/\/stage.fondazionefeltrinelli.it\/#organization","name":"Fondazione Giangiacomo Feltrinelli","url":"https:\/\/stage.fondazionefeltrinelli.it\/","logo":{"@type":"ImageObject","inLanguage":"en-US","@id":"https:\/\/stage.fondazionefeltrinelli.it\/#\/schema\/logo\/image\/","url":"https:\/\/stage.fondazionefeltrinelli.it\/wp-content\/uploads\/2023\/05\/Logo-Fondazione-Feltrinelli-2.jpg","contentUrl":"https:\/\/stage.fondazionefeltrinelli.it\/wp-content\/uploads\/2023\/05\/Logo-Fondazione-Feltrinelli-2.jpg","width":632,"height":552,"caption":"Fondazione Giangiacomo Feltrinelli"},"image":{"@id":"https:\/\/stage.fondazionefeltrinelli.it\/#\/schema\/logo\/image\/"},"sameAs":["https:\/\/www.facebook.com\/FondazioneFeltrinelli","https:\/\/x.com\/FondFeltrinelli","https:\/\/www.youtube.com\/channel\/UCqUC9dAHm8G3edg2GPEoNow","https:\/\/www.instagram.com\/fondazionefeltrinelli\/","https:\/\/www.linkedin.com\/company-beta\/9183434\/?pathWildcard=9183434"]}]}},"_links":{"self":[{"href":"https:\/\/stage.fondazionefeltrinelli.it\/en\/wp-json\/wp\/v2\/pubblico\/50785","targetHints":{"allow":["GET"]}}],"collection":[{"href":"https:\/\/stage.fondazionefeltrinelli.it\/en\/wp-json\/wp\/v2\/pubblico"}],"about":[{"href":"https:\/\/stage.fondazionefeltrinelli.it\/en\/wp-json\/wp\/v2\/types\/pubblico"}],"version-history":[{"count":3,"href":"https:\/\/stage.fondazionefeltrinelli.it\/en\/wp-json\/wp\/v2\/pubblico\/50785\/revisions"}],"predecessor-version":[{"id":51700,"href":"https:\/\/stage.fondazionefeltrinelli.it\/en\/wp-json\/wp\/v2\/pubblico\/50785\/revisions\/51700"}],"wp:featuredmedia":[{"embeddable":true,"href":"https:\/\/stage.fondazionefeltrinelli.it\/en\/wp-json\/wp\/v2\/media\/46748"}],"wp:attachment":[{"href":"https:\/\/stage.fondazionefeltrinelli.it\/en\/wp-json\/wp\/v2\/media?parent=50785"}],"wp:term":[{"taxonomy":"categoria-pubblico","embeddable":true,"href":"https:\/\/stage.fondazionefeltrinelli.it\/en\/wp-json\/wp\/v2\/categoria-pubblico?post=50785"},{"taxonomy":"categoria-tema","embeddable":true,"href":"https:\/\/stage.fondazionefeltrinelli.it\/en\/wp-json\/wp\/v2\/categoria-tema?post=50785"},{"taxonomy":"tag-pubblico","embeddable":true,"href":"https:\/\/stage.fondazionefeltrinelli.it\/en\/wp-json\/wp\/v2\/tag-pubblico?post=50785"}],"curies":[{"name":"wp","href":"https:\/\/api.w.org\/{rel}","templated":true}]}}

Il programma per un’Italia più giusta

<!-- This site is optimized with the Yoast SEO plugin v25.8 - https://yoast.com/wordpress/plugins/seo/ -->
<title>Il programma per un’Italia più giusta - Fondazione Giangiacomo Feltrinelli</title>
<meta name="description" content="Riforme fiscali, diritti del lavoro e sostenibilità ambientale: una nuova politica economica è ciò che serve per un Italia più giusta." />
<meta name="robots" content="noindex, follow, max-snippet:-1, max-image-preview:large, max-video-preview:-1" />
<meta property="og:locale" content="en_US" />
<meta property="og:type" content="article" />
<meta property="og:title" content="Il programma per un’Italia più giusta - Fondazione Giangiacomo Feltrinelli" />
<meta property="og:description" content="Riforme fiscali, diritti del lavoro e sostenibilità ambientale: una nuova politica economica è ciò che serve per un Italia più giusta." />
<meta property="og:url" content="https://stage.fondazionefeltrinelli.it/pubblico/il-programma-per-unitalia-piu-giusta/" />
<meta property="og:site_name" content="Fondazione Giangiacomo Feltrinelli" />
<meta property="article:publisher" content="https://www.facebook.com/FondazioneFeltrinelli" />
<meta property="og:image" content="https://stage.fondazionefeltrinelli.it/wp-content/uploads/2025/02/Progetto-senza-titolo-37-1024x256.jpg" />
<meta name="twitter:card" content="summary_large_image" />
<meta name="twitter:image" content="https://stage.fondazionefeltrinelli.it/wp-content/uploads/2025/02/Progetto-senza-titolo-37.jpg" />
<meta name="twitter:site" content="@FondFeltrinelli" />
<meta name="twitter:label1" content="Est. reading time" />
	<meta name="twitter:data1" content="9 minutes" />
<script type="application/ld+json" class="yoast-schema-graph">{"@context":"https://schema.org","@graph":[{"@type":"WebPage","@id":"https://stage.fondazionefeltrinelli.it/pubblico/il-programma-per-unitalia-piu-giusta/","url":"https://stage.fondazionefeltrinelli.it/pubblico/il-programma-per-unitalia-piu-giusta/","name":"Il programma per un’Italia più giusta - Fondazione Giangiacomo Feltrinelli","isPartOf":{"@id":"https://stage.fondazionefeltrinelli.it/#website"},"primaryImageOfPage":{"@id":"https://stage.fondazionefeltrinelli.it/pubblico/il-programma-per-unitalia-piu-giusta/#primaryimage"},"image":{"@id":"https://stage.fondazionefeltrinelli.it/pubblico/il-programma-per-unitalia-piu-giusta/#primaryimage"},"thumbnailUrl":"https://stage.fondazionefeltrinelli.it/wp-content/uploads/2025/02/Progetto-senza-titolo-37.jpg","datePublished":"2025-03-19T08:49:19+00:00","description":"Riforme fiscali, diritti del lavoro e sostenibilità ambientale: una nuova politica economica è ciò che serve per un Italia più giusta.","breadcrumb":{"@id":"https://stage.fondazionefeltrinelli.it/pubblico/il-programma-per-unitalia-piu-giusta/#breadcrumb"},"inLanguage":"en-US","potentialAction":[{"@type":"ReadAction","target":["https://stage.fondazionefeltrinelli.it/pubblico/il-programma-per-unitalia-piu-giusta/"]}]},{"@type":"ImageObject","inLanguage":"en-US","@id":"https://stage.fondazionefeltrinelli.it/pubblico/il-programma-per-unitalia-piu-giusta/#primaryimage","url":"https://stage.fondazionefeltrinelli.it/wp-content/uploads/2025/02/Progetto-senza-titolo-37.jpg","contentUrl":"https://stage.fondazionefeltrinelli.it/wp-content/uploads/2025/02/Progetto-senza-titolo-37.jpg","width":1800,"height":450,"caption":"italia più giusta"},{"@type":"BreadcrumbList","@id":"https://stage.fondazionefeltrinelli.it/pubblico/il-programma-per-unitalia-piu-giusta/#breadcrumb","itemListElement":[{"@type":"ListItem","position":1,"name":"Home","item":"https://stage.fondazionefeltrinelli.it/en/"},{"@type":"ListItem","position":2,"name":"Il programma per un’Italia più giusta"}]},{"@type":"WebSite","@id":"https://stage.fondazionefeltrinelli.it/#website","url":"https://stage.fondazionefeltrinelli.it/","name":"Fondazione Giangiacomo Feltrinelli","description":"","publisher":{"@id":"https://stage.fondazionefeltrinelli.it/#organization"},"potentialAction":[{"@type":"SearchAction","target":{"@type":"EntryPoint","urlTemplate":"https://stage.fondazionefeltrinelli.it/?s={search_term_string}"},"query-input":{"@type":"PropertyValueSpecification","valueRequired":true,"valueName":"search_term_string"}}],"inLanguage":"en-US"},{"@type":"Organization","@id":"https://stage.fondazionefeltrinelli.it/#organization","name":"Fondazione Giangiacomo Feltrinelli","url":"https://stage.fondazionefeltrinelli.it/","logo":{"@type":"ImageObject","inLanguage":"en-US","@id":"https://stage.fondazionefeltrinelli.it/#/schema/logo/image/","url":"https://stage.fondazionefeltrinelli.it/wp-content/uploads/2023/05/Logo-Fondazione-Feltrinelli-2.jpg","contentUrl":"https://stage.fondazionefeltrinelli.it/wp-content/uploads/2023/05/Logo-Fondazione-Feltrinelli-2.jpg","width":632,"height":552,"caption":"Fondazione Giangiacomo Feltrinelli"},"image":{"@id":"https://stage.fondazionefeltrinelli.it/#/schema/logo/image/"},"sameAs":["https://www.facebook.com/FondazioneFeltrinelli","https://x.com/FondFeltrinelli","https://www.youtube.com/channel/UCqUC9dAHm8G3edg2GPEoNow","https://www.instagram.com/fondazionefeltrinelli/","https://www.linkedin.com/company-beta/9183434/?pathWildcard=9183434"]}]}</script>
<!-- / Yoast SEO plugin. -->

Il programma per un’Italia più giusta - Fondazione Giangiacomo Feltrinelli

Riforme fiscali, diritti del lavoro e sostenibilità ambientale: una nuova politica economica è ciò che serve per un Italia più giusta.

italia più giusta
