{"id":71643,"date":"2025-07-25T17:55:05","date_gmt":"2025-07-25T15:55:05","guid":{"rendered":"https:\/\/fondazionefeltrinelli.it\/?post_type=pubblico&#038;p=71643"},"modified":"2025-08-01T08:02:00","modified_gmt":"2025-08-01T06:02:00","slug":"gabbia","status":"publish","type":"pubblico","link":"https:\/\/stage.fondazionefeltrinelli.it\/en\/pubblico\/gabbia\/","title":{"rendered":"La gabbia culturale ungherese: il progetto politico di Viktor Orb\u00e1n"},"content":{"rendered":"","protected":false},"featured_media":6168,"menu_order":0,"template":"","format":"standard","categoria-pubblico":[1162],"categoria-tema":[1132],"tag-pubblico":[],"class_list":["post-71643","pubblico","type-pubblico","status-publish","format-standard","has-post-thumbnail","hentry","categoria-pubblico-1162","categoria-tema-politica"],"acf":[],"yoast_head":"<!-- This site is optimized with the Yoast SEO plugin v25.8 - https:\/\/yoast.com\/wordpress\/plugins\/seo\/ -->\n<title>La gabbia culturale ungherese: il progetto politico di Viktor Orb\u00e1n - Fondazione Giangiacomo Feltrinelli<\/title>\n<meta name=\"description\" content=\"La gabbia culturale ungherese. Il progetto politico di Viktor Orb\u00e1n. Un approfondimento di Massimo Congiu per Pubblico. Scopri di pi\u00f9\" \/>\n<meta name=\"robots\" content=\"noindex, follow, max-snippet:-1, max-image-preview:large, max-video-preview:-1\" \/>\n<meta property=\"og:locale\" content=\"en_US\" \/>\n<meta property=\"og:type\" content=\"article\" \/>\n<meta property=\"og:title\" content=\"La gabbia culturale ungherese: il progetto politico di Viktor Orb\u00e1n - Fondazione Giangiacomo Feltrinelli\" \/>\n<meta property=\"og:description\" content=\"La gabbia culturale ungherese. Il progetto politico di Viktor Orb\u00e1n. Un approfondimento di Massimo Congiu per Pubblico. Scopri di pi\u00f9\" \/>\n<meta property=\"og:url\" content=\"https:\/\/stage.fondazionefeltrinelli.it\/pubblico\/gabbia\/\" \/>\n<meta property=\"og:site_name\" content=\"Fondazione Giangiacomo Feltrinelli\" \/>\n<meta property=\"article:publisher\" content=\"https:\/\/www.facebook.com\/FondazioneFeltrinelli\" \/>\n<meta property=\"article:modified_time\" content=\"2025-08-01T06:02:00+00:00\" \/>\n<meta property=\"og:image\" content=\"https:\/\/stage.fondazionefeltrinelli.it\/wp-content\/uploads\/2023\/07\/Viktor_Orban_-1024x683.jpg\" \/>\n<meta name=\"twitter:card\" content=\"summary_large_image\" \/>\n<meta name=\"twitter:image\" content=\"https:\/\/stage.fondazionefeltrinelli.it\/wp-content\/uploads\/2023\/07\/Viktor_Orban_.jpg\" \/>\n<meta name=\"twitter:site\" content=\"@FondFeltrinelli\" \/>\n<meta name=\"twitter:label1\" content=\"Est. reading time\" \/>\n\t<meta name=\"twitter:data1\" content=\"5 minutes\" \/>\n<script type=\"application\/ld+json\" class=\"yoast-schema-graph\">{\"@context\":\"https:\/\/schema.org\",\"@graph\":[{\"@type\":\"WebPage\",\"@id\":\"https:\/\/stage.fondazionefeltrinelli.it\/pubblico\/gabbia\/\",\"url\":\"https:\/\/stage.fondazionefeltrinelli.it\/pubblico\/gabbia\/\",\"name\":\"La gabbia culturale ungherese: il progetto politico di Viktor Orb\u00e1n - Fondazione Giangiacomo Feltrinelli\",\"isPartOf\":{\"@id\":\"https:\/\/stage.fondazionefeltrinelli.it\/#website\"},\"primaryImageOfPage\":{\"@id\":\"https:\/\/stage.fondazionefeltrinelli.it\/pubblico\/gabbia\/#primaryimage\"},\"image\":{\"@id\":\"https:\/\/stage.fondazionefeltrinelli.it\/pubblico\/gabbia\/#primaryimage\"},\"thumbnailUrl\":\"https:\/\/stage.fondazionefeltrinelli.it\/wp-content\/uploads\/2023\/07\/Viktor_Orban_.jpg\",\"datePublished\":\"2025-07-25T15:55:05+00:00\",\"dateModified\":\"2025-08-01T06:02:00+00:00\",\"description\":\"La gabbia culturale ungherese. Il progetto politico di Viktor Orb\u00e1n. Un approfondimento di Massimo Congiu per Pubblico. Scopri di pi\u00f9\",\"breadcrumb\":{\"@id\":\"https:\/\/stage.fondazionefeltrinelli.it\/pubblico\/gabbia\/#breadcrumb\"},\"inLanguage\":\"en-US\",\"potentialAction\":[{\"@type\":\"ReadAction\",\"target\":[\"https:\/\/stage.fondazionefeltrinelli.it\/pubblico\/gabbia\/\"]}]},{\"@type\":\"ImageObject\",\"inLanguage\":\"en-US\",\"@id\":\"https:\/\/stage.fondazionefeltrinelli.it\/pubblico\/gabbia\/#primaryimage\",\"url\":\"https:\/\/stage.fondazionefeltrinelli.it\/wp-content\/uploads\/2023\/07\/Viktor_Orban_.jpg\",\"contentUrl\":\"https:\/\/stage.fondazionefeltrinelli.it\/wp-content\/uploads\/2023\/07\/Viktor_Orban_.jpg\",\"width\":1200,\"height\":800},{\"@type\":\"BreadcrumbList\",\"@id\":\"https:\/\/stage.fondazionefeltrinelli.it\/pubblico\/gabbia\/#breadcrumb\",\"itemListElement\":[{\"@type\":\"ListItem\",\"position\":1,\"name\":\"Home\",\"item\":\"https:\/\/stage.fondazionefeltrinelli.it\/en\/\"},{\"@type\":\"ListItem\",\"position\":2,\"name\":\"La gabbia culturale ungherese: il progetto politico di Viktor Orb\u00e1n\"}]},{\"@type\":\"WebSite\",\"@id\":\"https:\/\/stage.fondazionefeltrinelli.it\/#website\",\"url\":\"https:\/\/stage.fondazionefeltrinelli.it\/\",\"name\":\"Fondazione Giangiacomo Feltrinelli\",\"description\":\"\",\"publisher\":{\"@id\":\"https:\/\/stage.fondazionefeltrinelli.it\/#organization\"},\"potentialAction\":[{\"@type\":\"SearchAction\",\"target\":{\"@type\":\"EntryPoint\",\"urlTemplate\":\"https:\/\/stage.fondazionefeltrinelli.it\/?s={search_term_string}\"},\"query-input\":{\"@type\":\"PropertyValueSpecification\",\"valueRequired\":true,\"valueName\":\"search_term_string\"}}],\"inLanguage\":\"en-US\"},{\"@type\":\"Organization\",\"@id\":\"https:\/\/stage.fondazionefeltrinelli.it\/#organization\",\"name\":\"Fondazione Giangiacomo Feltrinelli\",\"url\":\"https:\/\/stage.fondazionefeltrinelli.it\/\",\"logo\":{\"@type\":\"ImageObject\",\"inLanguage\":\"en-US\",\"@id\":\"https:\/\/stage.fondazionefeltrinelli.it\/#\/schema\/logo\/image\/\",\"url\":\"https:\/\/stage.fondazionefeltrinelli.it\/wp-content\/uploads\/2023\/05\/Logo-Fondazione-Feltrinelli-2.jpg\",\"contentUrl\":\"https:\/\/stage.fondazionefeltrinelli.it\/wp-content\/uploads\/2023\/05\/Logo-Fondazione-Feltrinelli-2.jpg\",\"width\":632,\"height\":552,\"caption\":\"Fondazione Giangiacomo Feltrinelli\"},\"image\":{\"@id\":\"https:\/\/stage.fondazionefeltrinelli.it\/#\/schema\/logo\/image\/\"},\"sameAs\":[\"https:\/\/www.facebook.com\/FondazioneFeltrinelli\",\"https:\/\/x.com\/FondFeltrinelli\",\"https:\/\/www.youtube.com\/channel\/UCqUC9dAHm8G3edg2GPEoNow\",\"https:\/\/www.instagram.com\/fondazionefeltrinelli\/\",\"https:\/\/www.linkedin.com\/company-beta\/9183434\/?pathWildcard=9183434\"]}]}<\/script>\n<!-- \/ Yoast SEO plugin. -->","yoast_head_json":{"title":"La gabbia culturale ungherese: il progetto politico di Viktor Orb\u00e1n - Fondazione Giangiacomo Feltrinelli","description":"La gabbia culturale ungherese. Il progetto politico di Viktor Orb\u00e1n. Un approfondimento di Massimo Congiu per Pubblico. Scopri di pi\u00f9","robots":{"index":"noindex","follow":"follow","max-snippet":"max-snippet:-1","max-image-preview":"max-image-preview:large","max-video-preview":"max-video-preview:-1"},"og_locale":"en_US","og_type":"article","og_title":"La gabbia culturale ungherese: il progetto politico di Viktor Orb\u00e1n - Fondazione Giangiacomo Feltrinelli","og_description":"La gabbia culturale ungherese. Il progetto politico di Viktor Orb\u00e1n. Un approfondimento di Massimo Congiu per Pubblico. Scopri di pi\u00f9","og_url":"https:\/\/stage.fondazionefeltrinelli.it\/pubblico\/gabbia\/","og_site_name":"Fondazione Giangiacomo Feltrinelli","article_publisher":"https:\/\/www.facebook.com\/FondazioneFeltrinelli","article_modified_time":"2025-08-01T06:02:00+00:00","og_image":[{"url":"https:\/\/stage.fondazionefeltrinelli.it\/wp-content\/uploads\/2023\/07\/Viktor_Orban_-1024x683.jpg","type":"","width":"","height":""}],"twitter_card":"summary_large_image","twitter_image":"https:\/\/stage.fondazionefeltrinelli.it\/wp-content\/uploads\/2023\/07\/Viktor_Orban_.jpg","twitter_site":"@FondFeltrinelli","twitter_misc":{"Est. reading time":"5 minutes"},"schema":{"@context":"https:\/\/schema.org","@graph":[{"@type":"WebPage","@id":"https:\/\/stage.fondazionefeltrinelli.it\/pubblico\/gabbia\/","url":"https:\/\/stage.fondazionefeltrinelli.it\/pubblico\/gabbia\/","name":"La gabbia culturale ungherese: il progetto politico di Viktor Orb\u00e1n - Fondazione Giangiacomo Feltrinelli","isPartOf":{"@id":"https:\/\/stage.fondazionefeltrinelli.it\/#website"},"primaryImageOfPage":{"@id":"https:\/\/stage.fondazionefeltrinelli.it\/pubblico\/gabbia\/#primaryimage"},"image":{"@id":"https:\/\/stage.fondazionefeltrinelli.it\/pubblico\/gabbia\/#primaryimage"},"thumbnailUrl":"https:\/\/stage.fondazionefeltrinelli.it\/wp-content\/uploads\/2023\/07\/Viktor_Orban_.jpg","datePublished":"2025-07-25T15:55:05+00:00","dateModified":"2025-08-01T06:02:00+00:00","description":"La gabbia culturale ungherese. Il progetto politico di Viktor Orb\u00e1n. Un approfondimento di Massimo Congiu per Pubblico. Scopri di pi\u00f9","breadcrumb":{"@id":"https:\/\/stage.fondazionefeltrinelli.it\/pubblico\/gabbia\/#breadcrumb"},"inLanguage":"en-US","potentialAction":[{"@type":"ReadAction","target":["https:\/\/stage.fondazionefeltrinelli.it\/pubblico\/gabbia\/"]}]},{"@type":"ImageObject","inLanguage":"en-US","@id":"https:\/\/stage.fondazionefeltrinelli.it\/pubblico\/gabbia\/#primaryimage","url":"https:\/\/stage.fondazionefeltrinelli.it\/wp-content\/uploads\/2023\/07\/Viktor_Orban_.jpg","contentUrl":"https:\/\/stage.fondazionefeltrinelli.it\/wp-content\/uploads\/2023\/07\/Viktor_Orban_.jpg","width":1200,"height":800},{"@type":"BreadcrumbList","@id":"https:\/\/stage.fondazionefeltrinelli.it\/pubblico\/gabbia\/#breadcrumb","itemListElement":[{"@type":"ListItem","position":1,"name":"Home","item":"https:\/\/stage.fondazionefeltrinelli.it\/en\/"},{"@type":"ListItem","position":2,"name":"La gabbia culturale ungherese: il progetto politico di Viktor Orb\u00e1n"}]},{"@type":"WebSite","@id":"https:\/\/stage.fondazionefeltrinelli.it\/#website","url":"https:\/\/stage.fondazionefeltrinelli.it\/","name":"Fondazione Giangiacomo Feltrinelli","description":"","publisher":{"@id":"https:\/\/stage.fondazionefeltrinelli.it\/#organization"},"potentialAction":[{"@type":"SearchAction","target":{"@type":"EntryPoint","urlTemplate":"https:\/\/stage.fondazionefeltrinelli.it\/?s={search_term_string}"},"query-input":{"@type":"PropertyValueSpecification","valueRequired":true,"valueName":"search_term_string"}}],"inLanguage":"en-US"},{"@type":"Organization","@id":"https:\/\/stage.fondazionefeltrinelli.it\/#organization","name":"Fondazione Giangiacomo Feltrinelli","url":"https:\/\/stage.fondazionefeltrinelli.it\/","logo":{"@type":"ImageObject","inLanguage":"en-US","@id":"https:\/\/stage.fondazionefeltrinelli.it\/#\/schema\/logo\/image\/","url":"https:\/\/stage.fondazionefeltrinelli.it\/wp-content\/uploads\/2023\/05\/Logo-Fondazione-Feltrinelli-2.jpg","contentUrl":"https:\/\/stage.fondazionefeltrinelli.it\/wp-content\/uploads\/2023\/05\/Logo-Fondazione-Feltrinelli-2.jpg","width":632,"height":552,"caption":"Fondazione Giangiacomo Feltrinelli"},"image":{"@id":"https:\/\/stage.fondazionefeltrinelli.it\/#\/schema\/logo\/image\/"},"sameAs":["https:\/\/www.facebook.com\/FondazioneFeltrinelli","https:\/\/x.com\/FondFeltrinelli","https:\/\/www.youtube.com\/channel\/UCqUC9dAHm8G3edg2GPEoNow","https:\/\/www.instagram.com\/fondazionefeltrinelli\/","https:\/\/www.linkedin.com\/company-beta\/9183434\/?pathWildcard=9183434"]}]}},"_links":{"self":[{"href":"https:\/\/stage.fondazionefeltrinelli.it\/en\/wp-json\/wp\/v2\/pubblico\/71643","targetHints":{"allow":["GET"]}}],"collection":[{"href":"https:\/\/stage.fondazionefeltrinelli.it\/en\/wp-json\/wp\/v2\/pubblico"}],"about":[{"href":"https:\/\/stage.fondazionefeltrinelli.it\/en\/wp-json\/wp\/v2\/types\/pubblico"}],"version-history":[{"count":8,"href":"https:\/\/stage.fondazionefeltrinelli.it\/en\/wp-json\/wp\/v2\/pubblico\/71643\/revisions"}],"predecessor-version":[{"id":71716,"href":"https:\/\/stage.fondazionefeltrinelli.it\/en\/wp-json\/wp\/v2\/pubblico\/71643\/revisions\/71716"}],"wp:featuredmedia":[{"embeddable":true,"href":"https:\/\/stage.fondazionefeltrinelli.it\/en\/wp-json\/wp\/v2\/media\/6168"}],"wp:attachment":[{"href":"https:\/\/stage.fondazionefeltrinelli.it\/en\/wp-json\/wp\/v2\/media?parent=71643"}],"wp:term":[{"taxonomy":"categoria-pubblico","embeddable":true,"href":"https:\/\/stage.fondazionefeltrinelli.it\/en\/wp-json\/wp\/v2\/categoria-pubblico?post=71643"},{"taxonomy":"categoria-tema","embeddable":true,"href":"https:\/\/stage.fondazionefeltrinelli.it\/en\/wp-json\/wp\/v2\/categoria-tema?post=71643"},{"taxonomy":"tag-pubblico","embeddable":true,"href":"https:\/\/stage.fondazionefeltrinelli.it\/en\/wp-json\/wp\/v2\/tag-pubblico?post=71643"}],"curies":[{"name":"wp","href":"https:\/\/api.w.org\/{rel}","templated":true}]}}

La gabbia culturale ungherese: il progetto politico di Viktor Orbán

<!-- This site is optimized with the Yoast SEO plugin v25.8 - https://yoast.com/wordpress/plugins/seo/ -->
<title>La gabbia culturale ungherese: il progetto politico di Viktor Orbán - Fondazione Giangiacomo Feltrinelli</title>
<meta name="description" content="La gabbia culturale ungherese. Il progetto politico di Viktor Orbán. Un approfondimento di Massimo Congiu per Pubblico. Scopri di più" />
<meta name="robots" content="noindex, follow, max-snippet:-1, max-image-preview:large, max-video-preview:-1" />
<meta property="og:locale" content="en_US" />
<meta property="og:type" content="article" />
<meta property="og:title" content="La gabbia culturale ungherese: il progetto politico di Viktor Orbán - Fondazione Giangiacomo Feltrinelli" />
<meta property="og:description" content="La gabbia culturale ungherese. Il progetto politico di Viktor Orbán. Un approfondimento di Massimo Congiu per Pubblico. Scopri di più" />
<meta property="og:url" content="https://stage.fondazionefeltrinelli.it/pubblico/gabbia/" />
<meta property="og:site_name" content="Fondazione Giangiacomo Feltrinelli" />
<meta property="article:publisher" content="https://www.facebook.com/FondazioneFeltrinelli" />
<meta property="article:modified_time" content="2025-08-01T06:02:00+00:00" />
<meta property="og:image" content="https://stage.fondazionefeltrinelli.it/wp-content/uploads/2023/07/Viktor_Orban_-1024x683.jpg" />
<meta name="twitter:card" content="summary_large_image" />
<meta name="twitter:image" content="https://stage.fondazionefeltrinelli.it/wp-content/uploads/2023/07/Viktor_Orban_.jpg" />
<meta name="twitter:site" content="@FondFeltrinelli" />
<meta name="twitter:label1" content="Est. reading time" />
	<meta name="twitter:data1" content="5 minutes" />
<script type="application/ld+json" class="yoast-schema-graph">{"@context":"https://schema.org","@graph":[{"@type":"WebPage","@id":"https://stage.fondazionefeltrinelli.it/pubblico/gabbia/","url":"https://stage.fondazionefeltrinelli.it/pubblico/gabbia/","name":"La gabbia culturale ungherese: il progetto politico di Viktor Orbán - Fondazione Giangiacomo Feltrinelli","isPartOf":{"@id":"https://stage.fondazionefeltrinelli.it/#website"},"primaryImageOfPage":{"@id":"https://stage.fondazionefeltrinelli.it/pubblico/gabbia/#primaryimage"},"image":{"@id":"https://stage.fondazionefeltrinelli.it/pubblico/gabbia/#primaryimage"},"thumbnailUrl":"https://stage.fondazionefeltrinelli.it/wp-content/uploads/2023/07/Viktor_Orban_.jpg","datePublished":"2025-07-25T15:55:05+00:00","dateModified":"2025-08-01T06:02:00+00:00","description":"La gabbia culturale ungherese. Il progetto politico di Viktor Orbán. Un approfondimento di Massimo Congiu per Pubblico. Scopri di più","breadcrumb":{"@id":"https://stage.fondazionefeltrinelli.it/pubblico/gabbia/#breadcrumb"},"inLanguage":"en-US","potentialAction":[{"@type":"ReadAction","target":["https://stage.fondazionefeltrinelli.it/pubblico/gabbia/"]}]},{"@type":"ImageObject","inLanguage":"en-US","@id":"https://stage.fondazionefeltrinelli.it/pubblico/gabbia/#primaryimage","url":"https://stage.fondazionefeltrinelli.it/wp-content/uploads/2023/07/Viktor_Orban_.jpg","contentUrl":"https://stage.fondazionefeltrinelli.it/wp-content/uploads/2023/07/Viktor_Orban_.jpg","width":1200,"height":800},{"@type":"BreadcrumbList","@id":"https://stage.fondazionefeltrinelli.it/pubblico/gabbia/#breadcrumb","itemListElement":[{"@type":"ListItem","position":1,"name":"Home","item":"https://stage.fondazionefeltrinelli.it/en/"},{"@type":"ListItem","position":2,"name":"La gabbia culturale ungherese: il progetto politico di Viktor Orbán"}]},{"@type":"WebSite","@id":"https://stage.fondazionefeltrinelli.it/#website","url":"https://stage.fondazionefeltrinelli.it/","name":"Fondazione Giangiacomo Feltrinelli","description":"","publisher":{"@id":"https://stage.fondazionefeltrinelli.it/#organization"},"potentialAction":[{"@type":"SearchAction","target":{"@type":"EntryPoint","urlTemplate":"https://stage.fondazionefeltrinelli.it/?s={search_term_string}"},"query-input":{"@type":"PropertyValueSpecification","valueRequired":true,"valueName":"search_term_string"}}],"inLanguage":"en-US"},{"@type":"Organization","@id":"https://stage.fondazionefeltrinelli.it/#organization","name":"Fondazione Giangiacomo Feltrinelli","url":"https://stage.fondazionefeltrinelli.it/","logo":{"@type":"ImageObject","inLanguage":"en-US","@id":"https://stage.fondazionefeltrinelli.it/#/schema/logo/image/","url":"https://stage.fondazionefeltrinelli.it/wp-content/uploads/2023/05/Logo-Fondazione-Feltrinelli-2.jpg","contentUrl":"https://stage.fondazionefeltrinelli.it/wp-content/uploads/2023/05/Logo-Fondazione-Feltrinelli-2.jpg","width":632,"height":552,"caption":"Fondazione Giangiacomo Feltrinelli"},"image":{"@id":"https://stage.fondazionefeltrinelli.it/#/schema/logo/image/"},"sameAs":["https://www.facebook.com/FondazioneFeltrinelli","https://x.com/FondFeltrinelli","https://www.youtube.com/channel/UCqUC9dAHm8G3edg2GPEoNow","https://www.instagram.com/fondazionefeltrinelli/","https://www.linkedin.com/company-beta/9183434/?pathWildcard=9183434"]}]}</script>
<!-- / Yoast SEO plugin. -->

La gabbia culturale ungherese: il progetto politico di Viktor Orbán - Fondazione Giangiacomo Feltrinelli

La gabbia culturale ungherese. Il progetto politico di Viktor Orbán. Un approfondimento di Massimo Congiu per Pubblico. Scopri di più
